d u.
23
Let h be (-48)/(38/60 - (-50)/(-375)). Let c = 112 + h. Calculate the highest common divisor of c and 304.
16
Suppose -943 = 42*s - 39289. Calculate the highest common divisor of 187 and s.
11
Suppose q = 38*r - 37*r + 96, 2*q = -2*r + 172. What is the highest common factor of 37219 and q?
91
Suppose 3*d + i - 5 = 0, -d + 5*i + 3 = 4*i. Suppose -d*p + 12*p = 200. What is the greatest common divisor of 15 and p?
5
Let r = -26286 + 27392. Calculate the greatest common divisor of r and 42.
14
Let h = 122 + -217. Let x = -93 - h. Suppose -x*v = 2, 2*u = -4*v + 8 - 2. Calculate the greatest common divisor of u and 40.
5
Suppose 0 = -4*t + l + 1831, l - 464 = -75*t + 74*t. Calculate the greatest common factor of 544 and t.
17
Suppose 0 = -2*z + 3*n + 1078, -6*n = 2*z - 3*n - 1066. Let i = 589 - z. What is the greatest common factor of 477 and i?
53
Suppose 4*y - 2*w - w - 864 = 0, -5*w + 432 = 2*y. Let h be (-36 - -1)*y/(-84). Calculate the highest common factor of 18 and h.
18
Let l be (-177)/(-7) + 4/(-14). Let p = -16 + l. Let o be 9*((-368)/(-24))/23. What is the highest common factor of o and p?
3
Suppose 286 = -4*c + 3*f + 1229, 3*c = 3*f + 711. Let k(l) = 2*l**3 - 4*l**2 - 27*l + 73. Let n be k(4). Calculate the highest common factor of c and n.
29
Suppose 5*i - 3*h = 190, -207 + 55 = -4*i - 4*h. Calculate the greatest common factor of i and 7410.
38
Let j be (-1)/3 - (-10122)/126. What is the highest common divisor of j and 2330?
10
Suppose 0 = 10*o - 2*q - 3*q - 715, o - 5*q - 67 = 0. Calculate the highest common factor of o and 1764.
36
Suppose 5*g = -137 + 387. Let n = 17 + -90. Let s = 83 + n. Calculate the highest common factor of g and s.
10
Let y(z) = -21*z**2 + 4*z**2 + 18*z**2 + 14 - 2*z. Let d be y(4). Calculate the greatest common divisor of 22 and d.
22
Suppose 0 = -3*l + 4*l + 4*d - 47, 5*d + 90 = 3*l. Suppose t - 2*j - l = -4*j, -95 = -2*t + j. What is the highest common factor of 3 and t?
3
Suppose -3*w + 60 - 54 = 0. Suppose -n + k + 24 = -w*k, 5*n - 48 = -3*k. Suppose -n = -j - 3*j. Calculate the highest common factor of 15 and j.
3
Suppose -10*u - 1049 - 1951 = 0. Let z = 360 + u. Calculate the greatest common divisor of 24 and z.
12
Let y(s) = -s**2 + s + 4. Let g be y(0). Suppose 84 + 8 = g*z. Calculate the greatest common factor of z and 69.
23
Let s = 484 + -481. Let b be 3108/66 - s/33. Suppose 4*a - 638 = -2*u, -2*u = -5*a - 321 - 362. Calculate the highest common factor of b and u.
47
Suppose 0 = -3*v + 5*v + 258. Let c = 324 + v. Let m be (-6)/(-48) - -7*34/16. What is the greatest common divisor of c and m?
15
Let c be (21/(-2))/(((-91)/(-14))/(-13)). Let l = 392 + -224. Calculate the greatest common factor of c and l.
21
Let n = 729 + -663. Suppose 5*x - 3*x - n = -r, 3*x + 291 = 5*r. What is the highest common divisor of r and 96?
12
Suppose -5*a + 11*a = -132. Let y = 57 + a. Let h = y - 14. Calculate the highest common divisor of 168 and h.
21
Suppose 5*p - 2*h - 523 = 0, 4*p - 458 = -9*h + 4*h. Calculate the greatest common divisor of 15943 and p.
107
Let v(l) = -l**2 + 5*l + 2. Let n be v(0). Let t be ((-3)/n)/(48/(-32)). Let z be -2 - (t + -54 + 3). What is the greatest common divisor of 24 and z?
24
Suppose 0 = -16*s - 15*s + 11*s + 1100. Calculate the highest common divisor of 1243 and s.
11
Suppose 18 = 7*i - 3. Suppose -z + 4*z = 15. Suppose -4*w - z*m + 48 = 0, -6*w + i*w = -4*m - 5. Calculate the greatest common divisor of w and 14.
7
Suppose -4*u = -571 - 153. Let y = 207 - u. Suppose -k = 2*d + 3 - 471, -3*k = 0. Calculate the highest common divisor of d and y.
26
Let k = 12 + -9. Let p(q) = q**2 - 20*q - 162. Let g be p(27). Calculate the greatest common divisor of g and k.
3
Let s be 4/(-6) - 24/(-9). Suppose 5*d = -s*x + 2843, 3*x = -2*d - x + 1150. What is the greatest common factor of 21 and d?
21
Let b be 322587/30 + -1 - 14/(31 + -171). Calculate the highest common factor of b and 84.
84
Let f be 8/(-2) - (-9 + 53). Let s = f + 50. Suppose -15 = -s*p + 9. What is the highest common factor of 84 and p?
12
Suppose -100752 - 3389 = -97*m - 15677. What is the greatest common factor of 570 and m?
114
Let q(x) = -x + 26. Let u be q(23). Suppose 1549 + 263 = u*b. Let d = b + -417. Calculate the greatest common divisor of d and 17.
17
Let j = 316 + -34. Let t = 370 - j. Let h be 11 - (-2 - (-5 + 0)). Calculate the greatest common factor of h and t.
8
Let n = 15 - -4. Suppose -21*y + n*y = -30. Calculate the greatest common divisor of 35 and y.
5
Let z be 15/(-12) - 2829/(-4). Suppose 428 = 7*i - z. Calculate the greatest common factor of 216 and i.
54
Suppose -80*c = -85*c - 5*d + 960, 728 = 4*c - d. Suppose -5*q + 647 + 733 = 0. What is the greatest common divisor of c and q?
92
Suppose 5*d - c - 604 = 143, -2*c = 4*d - 592. Suppose 152*w = d*w + 198. Calculate the greatest common divisor of 198 and w.
66
Suppose -18 = -p - 5*o, -145*p + 149*p + 3*o = 55. What is the greatest common divisor of p and 533?
13
Let t = 4728 - 4723. Calculate the greatest common divisor of t and 125.
5
Suppose 0 = -8*m + 24*m - 288. Suppose m*g = 7*g + 99. Suppose -3*t - 225 = -8*t. What is the greatest common factor of g and t?
9
Let o(s) = -2*s**3 + 15*s**2 + 6*s + 11. Let z be o(8). Let l be (-56)/(z/20*2/1). Suppose 0 = -4*j + j + 42. What is the greatest common factor of j and l?
14
Let n be (-69)/(-2)*2/6*-2. Let y = 37 + n. What is the highest common divisor of y and 7?
7
Let t be (48/(2 - (-4 + 5)))/2. Let j = t + -17. Calculate the highest common factor of j and 175.
7
Let p be ((-2 - -16) + -8)/((-2)/(-48)). Calculate the greatest common divisor of 10512 and p.
144
Suppose -2*l = -0*l - 10. Suppose 0 = l*k - 10*k + 10. Suppose -4*r - 320 = k*c - 7*c, 5*c - 325 = 5*r. What is the greatest common factor of c and 15?
15
Let a = 6 - 12. Let j(n) = 2*n**2 - 6*n + 7. Let o be j(a). Let d = -158408 + 158413. What is the highest common divisor of d and o?
5
Let f = -238 + 243. Let i be (9 + -7)*(9 - f). Let n be 1/1 + 13*3. What is the highest common divisor of i and n?
8
Suppose 2*c - 3*c - 59 = 0. Let r = c - -103. Calculate the greatest common divisor of 22 and r.
22
Let l be 14/(112/10) + 2/(-8) + 335. What is the greatest common divisor of l and 1218?
42
Let y be ((-4)/(-6) - -4)*(3 + 9). Let n be (-98 + y)*3/(6/(-4)). Let g be (1 - -3)*6/4. Calculate the highest common divisor of n and g.
6
Let a(b) = -16*b**2 + 367*b + 35. Let f be a(23). What is the highest common divisor of 27 and f?
3
Let h be 20/(((-209)/(-190))/11). Calculate the highest common divisor of 3725 and h.
25
Let b(s) be the first derivative of -23/4*s**4 + 2*s - 19 + s**2 + 1/3*s**3. Let y be b(-1). What is the highest common factor of y and 36?
12
Suppose -7*q = 331 + 369. Let z = q + 117. Let n be z - (-4 + 5)/1. What is the greatest common divisor of n and 64?
16
Let t be (-718835)/(-52) - (-6 - (-138)/24). Calculate the greatest common divisor of t and 27.
27
Let l be 18 + 0 + 8 + -8 + -3. Calculate the greatest common divisor of 249 and l.
3
Suppose -3*c = -48 - 456. Let v = 31 - -53. Let k be (9 - 171/18)/((-2)/v). Calculate the highest common divisor of c and k.
21
Let g(q) = q**2 - 4*q - 15. Let c be g(-6). Let k(b) = b**2 - 27*b + 86. Let u be k(26). Calculate the greatest common factor of u and c.
15
Let a = 3161 - 3028. Calculate the highest common divisor of 6251 and a.
133
Suppose -3916 = 4*v - 4392. Calculate the highest common factor of v and 35.
7
Let y(c) = -99*c - 8. Let d be y(-2). Let s be (-48)/(-10)*d/76. Calculate the greatest common divisor of s and 42.
6
Let l = 7693 - 7692. What is the greatest common factor of l and 2335?
1
Let z be (-14820)/455*161/(-2). What is the highest common divisor of 570 and z?
114
Let s(o) = -o**2 - 15*o + 198. Let g be s(-22). What is the greatest common divisor of 286 and g?
22
Suppose 3*z + 2*z = 220. Suppose r - 4 = 0, f - 1041*r = -1036*r - 16. What is the highest common divisor of f and z?
4
Let d(j) = 8*j**2 - 609*j - 266. Let c be d(79). Calculate the greatest common factor of 1269 and c.
141
Let c = 5457 - 4832. Calculate the highest common divisor of 1100 and c.
25
Suppose 836 = 84*w - 81*w + 5*z, 4*z - 556 = -2*w. What is the highest common divisor of w and 39198?
282
L